{"id":1479,"date":"2023-05-12T12:30:21","date_gmt":"2023-05-12T10:30:21","guid":{"rendered":"https:\/\/ciutatsvivibles.entrepobles.org\/entity\/mujeres-de-frente\/"},"modified":"2023-05-19T14:01:14","modified_gmt":"2023-05-19T12:01:14","slug":"mujeres-de-frente","status":"publish","type":"entity","link":"https:\/\/ciutatsvivibles.entrepobles.org\/es\/entidad\/mujeres-de-frente\/","title":{"rendered":"Mujeres de frente"},"content":{"rendered":"\n<p class=\"mg-pattern-paragraph-lead-00\" style=\"text-transform:none\">Mujeres de frente somos una comunidad de cooperaci\u00f3n y cuidado arraigada donde el tejido social se desgarra diariamente por las din\u00e1micas de la acumulaci\u00f3n de capital y el estado penal.<\/p>\n\n<p>Mujeres de frente naci\u00f3 como colectivo en la c\u00e1rcel de mujeres de Quito en 2004. La mala administraci\u00f3n de la prisi\u00f3n desencaden\u00f3 un mot\u00edn que, de inmediato, encontr\u00f3 la complicidad de un grupo de mujeres que daban apoyo desde fuera de la prisi\u00f3n. Es decir, el origen de nuestra organizaci\u00f3n fue la acci\u00f3n feminista anti-penitenciaria.<\/p>\n\n<figure class=\"wp-block-image size-full\"><img loading=\"lazy\" decoding=\"async\" width=\"1024\" height=\"575\" src=\"https:\/\/ciutatsvivibles.entrepobles.org\/wp-content\/uploads\/2023\/05\/WhatsApp-Image-2023-04-06-at-11.33.20-1-1024x575-1.jpeg\" alt=\"\" class=\"wp-image-1413\" srcset=\"https:\/\/ciutatsvivibles.entrepobles.org\/wp-content\/uploads\/2023\/05\/WhatsApp-Image-2023-04-06-at-11.33.20-1-1024x575-1.jpeg 1024w, https:\/\/ciutatsvivibles.entrepobles.org\/wp-content\/uploads\/2023\/05\/WhatsApp-Image-2023-04-06-at-11.33.20-1-1024x575-1-768x431.jpeg 768w\" sizes=\"auto, (max-width: 1024px) 100vw, 1024px\" \/><\/figure>\n\n<p>Con el tiempo, el colectivo ha tenido la capacidad de repensar y adaptarse a las necesidades que estaban surgiendo mientras manten\u00eda su car\u00e1cter antipunitivista, antirracista y anticapitalista. En este sentido, por ejemplo, se pusieron en marcha proyectos de asesoramiento legal con enfoque feminista, un espacio para las criaturas o un comedor popular.<\/p>\n\n<p>Hoy, casi veinte a\u00f1os despu\u00e9s, nos hemos convertido en una comunidad de cooperaci\u00f3n y cuidado entre comerciantes callejeras aut\u00f3nomas, recicladoras, trabajadoras dom\u00e9sticas, estudiantes universitarias, profesoras, artistas, mujeres excarceladas, familiares de personas en prisi\u00f3n, ni\u00f1os, ni\u00f1as y adolescentes.<\/p>\n\n<figure class=\"wp-block-image size-large\"><img loading=\"lazy\" decoding=\"async\" width=\"1920\" height=\"1078\" src=\"https:\/\/ciutatsvivibles.entrepobles.org\/wp-content\/uploads\/2023\/05\/IMG_1441_editada-1920x1078.jpg\" alt=\"\" class=\"wp-image-1417\" srcset=\"https:\/\/ciutatsvivibles.entrepobles.org\/wp-content\/uploads\/2023\/05\/IMG_1441_editada-1920x1078.jpg 1920w, https:\/\/ciutatsvivibles.entrepobles.org\/wp-content\/uploads\/2023\/05\/IMG_1441_editada-1280x720.jpg 1280w, https:\/\/ciutatsvivibles.entrepobles.org\/wp-content\/uploads\/2023\/05\/IMG_1441_editada-768x431.jpg 768w, https:\/\/ciutatsvivibles.entrepobles.org\/wp-content\/uploads\/2023\/05\/IMG_1441_editada-1536x862.jpg 1536w, https:\/\/ciutatsvivibles.entrepobles.org\/wp-content\/uploads\/2023\/05\/IMG_1441_editada-2048x1149.jpg 2048w\" sizes=\"auto, (max-width: 1920px) 100vw, 1920px\" \/><\/figure>\n\n<p><strong>Un territorio com\u00fan en la ciudad fragmentada<\/strong><\/p>\n\n<p>En el centro de la ciudad de Quito tenemos la Casa de las Mujeres, un centro contracultural abierto a diversos movimientos sociales que es nuestro lugar de encuentro, de reuniones, talleres y de trabajo. Aqu\u00ed funcionan el Espacio de <em>Wawas<\/em> \u2013destinado a criaturas y adolescentes\u2013, el Taller de costura, la Canasta comunitaria de alimentos o la cocina y el comedor comunitario. La Casa de las Mujeres es nuestro territorio com\u00fan en la ciudad fragmentada, el espacio donde reunirnos y reflexionar con otras organizaciones y colectivos con el objetivo de ampliar los horizontes compartidos de lucha. En definitiva, un lugar desde el que reclamar el derecho a la ciudad para todas.<\/p>\n\n<p>Adem\u00e1s, para esta tarea de construcci\u00f3n comunitaria, contamos con nuestra Escuela de formaci\u00f3n pol\u00edtica, feminista y popular que ofrece espacios \u2013siempre gratuitos\u2013 de aprendizaje, reflexi\u00f3n pol\u00edtica y metodol\u00f3gica basados en los principios de la educaci\u00f3n popular latinoamericana.<\/p>\n\n<p><strong>Econom\u00eda feminista para sostener la vida en com\u00fan<\/strong><\/p>\n\n<p>Trabajamos desde una perspectiva feminista diversa y popular y apostamos por el trabajo digno y la socializaci\u00f3n de los recursos. El Taller de costura, por ejemplo, es un emprendimiento productivo de un grupo de compa\u00f1eras de la organizaci\u00f3n. El conocimiento, compartido entre profesionales de la costura y aprendices, es la base de este espacio donde las m\u00e1quinas de coser son un medio de producci\u00f3n colectiva. El grupo que trabaja en ella recibe un r\u00e9dito por sus actividades, pero, adem\u00e1s, toda la organizaci\u00f3n se beneficia de ella a trav\u00e9s de los sistemas de redistribuci\u00f3n de ingresos que hemos establecido.<\/p>\n\n<p>Otro proyecto que apoyamos desde la Casa de las Mujeres es la Canasta comunitaria de alimentos, una soluci\u00f3n colectiva al problema del hambre que nos sirve para abaratar y mejorar la alimentaci\u00f3n de todas las personas que forman la red y, al mismo tiempo, construir una alternativa de trabajo digno.<\/p>\n\n<p><strong>Una<\/strong> <strong>red de acompa\u00f1amiento<\/strong> <strong>afectivo<\/strong><\/p>\n\n<p>En Mujeres de frente nos organizamos de manera asamblearia y contamos, como base, con una red de acompa\u00f1amiento afectivo personalizado y sostenido entre todas las que formamos la organizaci\u00f3n. Esto es b\u00e1sico porque nos permite a todas participar desde la diversidad de cada una.<\/p>\n\n<figure class=\"wp-block-image size-full\"><img loading=\"lazy\" decoding=\"async\" width=\"1024\" height=\"685\" src=\"https:\/\/ciutatsvivibles.entrepobles.org\/wp-content\/uploads\/2023\/05\/IMG_0404-2-1024x685-1.jpg\" alt=\"\" class=\"wp-image-1415\" srcset=\"https:\/\/ciutatsvivibles.entrepobles.org\/wp-content\/uploads\/2023\/05\/IMG_0404-2-1024x685-1.jpg 1024w, https:\/\/ciutatsvivibles.entrepobles.org\/wp-content\/uploads\/2023\/05\/IMG_0404-2-1024x685-1-768x514.jpg 768w\" sizes=\"auto, (max-width: 1024px) 100vw, 1024px\" \/><\/figure>\n\n<p>La Asamblea de Gesti\u00f3n es el coraz\u00f3n de nuestra organizaci\u00f3n, el espacio donde deliberamos, tomamos todas las decisiones y distribuimos todas las tareas. Esta asamblea est\u00e1 abierta a todas las integrantes de la red que optamos por apoyar la organizaci\u00f3n y asumimos la responsabilidad que ello conlleva<em>.<\/em><\/p>\n\n<div class=\"wp-block-group alignfull mg-pattern-espais-coordinacio is-layout-flow wp-block-group-is-layout-flow\">\n<div style=\"height:3rem\" aria-hidden=\"true\" class=\"wp-block-spacer\"><\/div>\n\n\n\n<div class=\"wp-block-columns wrap is-layout-flex wp-container-core-columns-is-layout-28f84493 wp-block-columns-is-layout-flex\">\n<div class=\"wp-block-column is-layout-flow wp-block-column-is-layout-flow\">\n<hr class=\"wp-block-separator has-alpha-channel-opacity\"\/>\n\n\n\n<h2 class=\"wp-block-heading\">Materiales y guias<\/h2>\n<\/div>\n\n\n\n<div class=\"wp-block-column is-layout-flow wp-block-column-is-layout-flow\">\n<div style=\"height:1.5rem\" aria-hidden=\"true\" class=\"wp-block-spacer\"><\/div>\n\n\n\n<ul class=\"main-list wp-block-list\">\n<li><a href=\"https:\/\/mujeresdefrente.org\/nuestras-publicaciones\" target=\"_blank\" rel=\"noreferrer noopener\">Revista Sitiadas<\/a><\/li>\n<\/ul>\n<\/div>\n<\/div>\n\n\n\n<div style=\"height:3rem\" aria-hidden=\"true\" class=\"wp-block-spacer\"><\/div>\n<\/div>\n\n<div class=\"wp-block-group alignfull mg-pattern-espais-coordinacio is-layout-flow wp-block-group-is-layout-flow\">\n<div style=\"height:3rem\" aria-hidden=\"true\" class=\"wp-block-spacer\"><\/div>\n\n\n\n<div class=\"wp-block-columns wrap is-layout-flex wp-container-core-columns-is-layout-28f84493 wp-block-columns-is-layout-flex\">\n<div class=\"wp-block-column is-layout-flow wp-block-column-is-layout-flow\">\n<hr class=\"wp-block-separator has-alpha-channel-opacity\"\/>\n\n\n\n<h2 class=\"wp-block-heading\">Espacios de coordinaci\u00f3n<\/h2>\n<\/div>\n\n\n\n<div class=\"wp-block-column is-layout-flow wp-block-column-is-layout-flow\">\n<div style=\"height:1.5rem\" aria-hidden=\"true\" class=\"wp-block-spacer\"><\/div>\n\n\n\n<ul class=\"main-list wp-block-list\">\n<li><a href=\"https:\/\/contraprisiones.org\" target=\"_blank\" rel=\"noreferrer noopener\">Alianza Contra las Prisiones de Ecuador<\/a><\/li>\n\n\n\n<li><a href=\"https:\/\/feministasanticarcelarias.org\" target=\"_blank\" rel=\"noreferrer noopener\">Red Feminista Anticarcelaria de Am\u00e9rica Latina<\/a><\/li>\n\n\n\n<li><a href=\"http:\/\/laboratoria.red\" target=\"_blank\" rel=\"noreferrer noopener\">La Laboratoria &#8211; Espacios de Investigaci\u00f3n Feminista<\/a><\/li>\n\n\n\n<li><a href=\"https:\/\/www.facebook.com\/cajadeahorro1demayo\" target=\"_blank\" rel=\"noreferrer noopener\">Caja de Ahorro Primero de Mayo<\/a><\/li>\n<\/ul>\n<\/div>\n<\/div>\n\n\n\n<div style=\"height:3rem\" aria-hidden=\"true\" class=\"wp-block-spacer\"><\/div>\n<\/div>\n","protected":false},"excerpt":{"rendered":"<p>Mujeres de frente somos una comunidad de cooperaci\u00f3n y cuidado arraigada donde el tejido social se desgarra diariamente por las din\u00e1micas de la acumulaci\u00f3n de capital y el estado penal. Mujeres de frente naci\u00f3 como colectivo en la c\u00e1rcel de mujeres de Quito en 2004. La mala administraci\u00f3n de la prisi\u00f3n desencaden\u00f3 un mot\u00edn que, [&hellip;]<\/p>\n","protected":false},"author":2,"featured_media":0,"template":"","label":[83,85,89,95,99,101],"mainline":[102,104,105,106,107],"scope":[113],"class_list":{"0":"post-1479","1":"entity","2":"type-entity","3":"status-publish","5":"label-autogestion-alimentaria-cooperativas-de-consumo","6":"label-autogestion-alimentaria-redes-de-soporte-mutuo","7":"label-defensa-de-los-derechos-de-los-migrantes","8":"label-modelo-de-ciudad","9":"label-soporte-mutuo","10":"label-violencias","11":"mainline-consumo","12":"mainline-cuidados","13":"mainline-derechos-laborales","14":"mainline-educacion","15":"mainline-feminismos","16":"scope-ciudad","17":"entry"},"acf":[],"_links":{"self":[{"href":"https:\/\/ciutatsvivibles.entrepobles.org\/es\/wp-json\/wp\/v2\/entity\/1479","targetHints":{"allow":["GET"]}}],"collection":[{"href":"https:\/\/ciutatsvivibles.entrepobles.org\/es\/wp-json\/wp\/v2\/entity"}],"about":[{"href":"https:\/\/ciutatsvivibles.entrepobles.org\/es\/wp-json\/wp\/v2\/types\/entity"}],"author":[{"embeddable":true,"href":"https:\/\/ciutatsvivibles.entrepobles.org\/es\/wp-json\/wp\/v2\/users\/2"}],"version-history":[{"count":1,"href":"https:\/\/ciutatsvivibles.entrepobles.org\/es\/wp-json\/wp\/v2\/entity\/1479\/revisions"}],"predecessor-version":[{"id":1480,"href":"https:\/\/ciutatsvivibles.entrepobles.org\/es\/wp-json\/wp\/v2\/entity\/1479\/revisions\/1480"}],"wp:attachment":[{"href":"https:\/\/ciutatsvivibles.entrepobles.org\/es\/wp-json\/wp\/v2\/media?parent=1479"}],"wp:term":[{"taxonomy":"label","embeddable":true,"href":"https:\/\/ciutatsvivibles.entrepobles.org\/es\/wp-json\/wp\/v2\/label?post=1479"},{"taxonomy":"mainline","embeddable":true,"href":"https:\/\/ciutatsvivibles.entrepobles.org\/es\/wp-json\/wp\/v2\/mainline?post=1479"},{"taxonomy":"scope","embeddable":true,"href":"https:\/\/ciutatsvivibles.entrepobles.org\/es\/wp-json\/wp\/v2\/scope?post=1479"}],"curies":[{"name":"wp","href":"https:\/\/api.w.org\/{rel}","templated":true}]}}

<p class="mg-pattern-paragraph-lead-00" style="text-transform:none">Mujeres de frente somos una comunidad de cooperación y cuidado arraigada donde el tejido social se desgarra diariamente por las dinámicas de la acumulación de capital y el estado penal.</p>

<p>Mujeres de frente nació como colectivo en la cárcel de mujeres de Quito en 2004. La mala administración de la prisión desencadenó un motín que, de inmediato, encontró la complicidad de un grupo de mujeres que daban apoyo desde fuera de la prisión. Es decir, el origen de nuestra organización fue la acción feminista anti-penitenciaria.</p>

<figure class="wp-block-image size-full"><img loading="lazy" decoding="async" width="1024" height="575" src="https://ciutatsvivibles.entrepobles.org/wp-content/uploads/2023/05/WhatsApp-Image-2023-04-06-at-11.33.20-1-1024x575-1.jpeg" alt="" class="wp-image-1413" srcset="https://ciutatsvivibles.entrepobles.org/wp-content/uploads/2023/05/WhatsApp-Image-2023-04-06-at-11.33.20-1-1024x575-1.jpeg 1024w, https://ciutatsvivibles.entrepobles.org/wp-content/uploads/2023/05/WhatsApp-Image-2023-04-06-at-11.33.20-1-1024x575-1-768x431.jpeg 768w" sizes="auto, (max-width: 1024px) 100vw, 1024px" /></figure>

<p>Con el tiempo, el colectivo ha tenido la capacidad de repensar y adaptarse a las necesidades que estaban surgiendo mientras mantenía su carácter antipunitivista, antirracista y anticapitalista. En este sentido, por ejemplo, se pusieron en marcha proyectos de asesoramiento legal con enfoque feminista, un espacio para las criaturas o un comedor popular.</p>

<p>Hoy, casi veinte años después, nos hemos convertido en una comunidad de cooperación y cuidado entre comerciantes callejeras autónomas, recicladoras, trabajadoras domésticas, estudiantes universitarias, profesoras, artistas, mujeres excarceladas, familiares de personas en prisión, niños, niñas y adolescentes.</p>

<figure class="wp-block-image size-large"><img loading="lazy" decoding="async" width="1920" height="1078" src="https://ciutatsvivibles.entrepobles.org/wp-content/uploads/2023/05/IMG_1441_editada-1920x1078.jpg" alt="" class="wp-image-1417" srcset="https://ciutatsvivibles.entrepobles.org/wp-content/uploads/2023/05/IMG_1441_editada-1920x1078.jpg 1920w, https://ciutatsvivibles.entrepobles.org/wp-content/uploads/2023/05/IMG_1441_editada-1280x720.jpg 1280w, https://ciutatsvivibles.entrepobles.org/wp-content/uploads/2023/05/IMG_1441_editada-768x431.jpg 768w, https://ciutatsvivibles.entrepobles.org/wp-content/uploads/2023/05/IMG_1441_editada-1536x862.jpg 1536w, https://ciutatsvivibles.entrepobles.org/wp-content/uploads/2023/05/IMG_1441_editada-2048x1149.jpg 2048w" sizes="auto, (max-width: 1920px) 100vw, 1920px" /></figure>

<p><strong>Un territorio común en la ciudad fragmentada</strong></p>

<p>En el centro de la ciudad de Quito tenemos la Casa de las Mujeres, un centro contracultural abierto a diversos movimientos sociales que es nuestro lugar de encuentro, de reuniones, talleres y de trabajo. Aquí funcionan el Espacio de <em>Wawas</em> –destinado a criaturas y adolescentes–, el Taller de costura, la Canasta comunitaria de alimentos o la cocina y el comedor comunitario. La Casa de las Mujeres es nuestro territorio común en la ciudad fragmentada, el espacio donde reunirnos y reflexionar con otras organizaciones y colectivos con el objetivo de ampliar los horizontes compartidos de lucha. En definitiva, un lugar desde el que reclamar el derecho a la ciudad para todas.</p>

<p>Además, para esta tarea de construcción comunitaria, contamos con nuestra Escuela de formación política, feminista y popular que ofrece espacios –siempre gratuitos– de aprendizaje, reflexión política y metodológica basados en los principios de la educación popular latinoamericana.</p>

<p><strong>Economía feminista para sostener la vida en común</strong></p>

<p>Trabajamos desde una perspectiva feminista diversa y popular y apostamos por el trabajo digno y la socialización de los recursos. El Taller de costura, por ejemplo, es un emprendimiento productivo de un grupo de compañeras de la organización. El conocimiento, compartido entre profesionales de la costura y aprendices, es la base de este espacio donde las máquinas de coser son un medio de producción colectiva. El grupo que trabaja en ella recibe un rédito por sus actividades, pero, además, toda la organización se beneficia de ella a través de los sistemas de redistribución de ingresos que hemos establecido.</p>

<p>Otro proyecto que apoyamos desde la Casa de las Mujeres es la Canasta comunitaria de alimentos, una solución colectiva al problema del hambre que nos sirve para abaratar y mejorar la alimentación de todas las personas que forman la red y, al mismo tiempo, construir una alternativa de trabajo digno.</p>

<p><strong>Una</strong> <strong>red de acompañamiento</strong> <strong>afectivo</strong></p>

<p>En Mujeres de frente nos organizamos de manera asamblearia y contamos, como base, con una red de acompañamiento afectivo personalizado y sostenido entre todas las que formamos la organización. Esto es básico porque nos permite a todas participar desde la diversidad de cada una.</p>

<figure class="wp-block-image size-full"><img loading="lazy" decoding="async" width="1024" height="685" src="https://ciutatsvivibles.entrepobles.org/wp-content/uploads/2023/05/IMG_0404-2-1024x685-1.jpg" alt="" class="wp-image-1415" srcset="https://ciutatsvivibles.entrepobles.org/wp-content/uploads/2023/05/IMG_0404-2-1024x685-1.jpg 1024w, https://ciutatsvivibles.entrepobles.org/wp-content/uploads/2023/05/IMG_0404-2-1024x685-1-768x514.jpg 768w" sizes="auto, (max-width: 1024px) 100vw, 1024px" /></figure>

<p>La Asamblea de Gestión es el corazón de nuestra organización, el espacio donde deliberamos, tomamos todas las decisiones y distribuimos todas las tareas. Esta asamblea está abierta a todas las integrantes de la red que optamos por apoyar la organización y asumimos la responsabilidad que ello conlleva<em>.</em></p>

<div class="wp-block-group alignfull mg-pattern-espais-coordinacio is-layout-flow wp-block-group-is-layout-flow">
<div style="height:3rem" aria-hidden="true" class="wp-block-spacer"></div>



<div class="wp-block-columns wrap is-layout-flex wp-container-core-columns-is-layout-28f84493 wp-block-columns-is-layout-flex">
<div class="wp-block-column is-layout-flow wp-block-column-is-layout-flow">
<hr class="wp-block-separator has-alpha-channel-opacity"/>



<h2 class="wp-block-heading">Materiales y guias</h2>
</div>



<div class="wp-block-column is-layout-flow wp-block-column-is-layout-flow">
<div style="height:1.5rem" aria-hidden="true" class="wp-block-spacer"></div>



<ul class="main-list wp-block-list">
<li><a href="https://mujeresdefrente.org/nuestras-publicaciones" target="_blank" rel="noreferrer noopener">Revista Sitiadas</a></li>
</ul>
</div>
</div>



<div style="height:3rem" aria-hidden="true" class="wp-block-spacer"></div>
</div>

<div class="wp-block-group alignfull mg-pattern-espais-coordinacio is-layout-flow wp-block-group-is-layout-flow">
<div style="height:3rem" aria-hidden="true" class="wp-block-spacer"></div>



<div class="wp-block-columns wrap is-layout-flex wp-container-core-columns-is-layout-28f84493 wp-block-columns-is-layout-flex">
<div class="wp-block-column is-layout-flow wp-block-column-is-layout-flow">
<hr class="wp-block-separator has-alpha-channel-opacity"/>



<h2 class="wp-block-heading">Espacios de coordinación</h2>
</div>



<div class="wp-block-column is-layout-flow wp-block-column-is-layout-flow">
<div style="height:1.5rem" aria-hidden="true" class="wp-block-spacer"></div>



<ul class="main-list wp-block-list">
<li><a href="https://contraprisiones.org" target="_blank" rel="noreferrer noopener">Alianza Contra las Prisiones de Ecuador</a></li>



<li><a href="https://feministasanticarcelarias.org" target="_blank" rel="noreferrer noopener">Red Feminista Anticarcelaria de América Latina</a></li>



<li><a href="http://laboratoria.red" target="_blank" rel="noreferrer noopener">La Laboratoria &#8211; Espacios de Investigación Feminista</a></li>



<li><a href="https://www.facebook.com/cajadeahorro1demayo" target="_blank" rel="noreferrer noopener">Caja de Ahorro Primero de Mayo</a></li>
</ul>
</div>
</div>



<div style="height:3rem" aria-hidden="true" class="wp-block-spacer"></div>
</div>

<p>Mujeres de frente somos una comunidad de cooperación y cuidado arraigada donde el tejido social se desgarra diariamente por las dinámicas de la acumulación de capital y el estado penal. Mujeres de frente nació como colectivo en la cárcel de mujeres de Quito en 2004. La mala administración de la prisión desencadenó un motín que, [&hellip;]</p>
