{"id":1322,"date":"2023-03-17T13:54:42","date_gmt":"2023-03-17T12:54:42","guid":{"rendered":"https:\/\/ciutatsvivibles.entrepobles.org\/entity\/ape\/"},"modified":"2023-04-20T17:28:22","modified_gmt":"2023-04-20T15:28:22","slug":"ape","status":"publish","type":"entity","link":"https:\/\/ciutatsvivibles.entrepobles.org\/es\/entidad\/ape\/","title":{"rendered":"APE"},"content":{"rendered":"\n<p class=\"mg-pattern-paragraph-lead-00\" style=\"text-transform:none\">El objetivo principal de la alianza contra la pobreza energ\u00e9tica (APE) -impulsada por Ingenier\u00eda sin fronteras, la PAH y la FAVB- es buscar soluciones a los cortes de suministros y se\u00f1alar, como responsables, a las empresas y a las administraciones que no tomaban medidas ante esta situaci\u00f3n.<\/p>\n\n\n\n<p>En el a\u00f1o 2014, ante la creciente dificultad de muchas familias para poder pagar las facturas de los suministros dom\u00e9sticos -y los cortes en el servicio derivados de esta situaci\u00f3n-, decidimos formar la Alianza contra la pobreza energ\u00e9tica.<\/p>\n\n\n\n<figure class=\"wp-block-image size-full\"><img loading=\"lazy\" decoding=\"async\" width=\"1600\" height=\"900\" src=\"https:\/\/ciutatsvivibles.entrepobles.org\/wp-content\/uploads\/2023\/03\/20210329-LliuresDeDeutes-1.jpeg\" alt=\"\" class=\"wp-image-722\" srcset=\"https:\/\/ciutatsvivibles.entrepobles.org\/wp-content\/uploads\/2023\/03\/20210329-LliuresDeDeutes-1.jpeg 1600w, https:\/\/ciutatsvivibles.entrepobles.org\/wp-content\/uploads\/2023\/03\/20210329-LliuresDeDeutes-1-1280x720.jpeg 1280w, https:\/\/ciutatsvivibles.entrepobles.org\/wp-content\/uploads\/2023\/03\/20210329-LliuresDeDeutes-1-768x432.jpeg 768w, https:\/\/ciutatsvivibles.entrepobles.org\/wp-content\/uploads\/2023\/03\/20210329-LliuresDeDeutes-1-1536x864.jpeg 1536w\" sizes=\"auto, (max-width: 1600px) 100vw, 1600px\" \/><\/figure>\n\n\n\n<p>Consideramos que el acceso a estos suministros es un derecho y un elemento imprescindible para poder tener una vida digna y, por tanto, deben estar garantizados a toda la poblaci\u00f3n. Pero nuestro objetivo va m\u00e1s all\u00e1 porque lo que queremos es la remunicipalizaci\u00f3n de los servicios b\u00e1sicos y ponerlos bajo control democr\u00e1tico. Creemos que debemos decidir entre todas qu\u00e9 tipo de modelo queremos e implicarnos en \u00e9l.<\/p>\n\n\n\n<p><strong>La Ley 24\/15<\/strong><\/p>\n\n\n\n<p>Una de las primeras acciones que nos propusimos como APE fue impulsar, junto con la PAH y el Observatorio Desc, la presentaci\u00f3n de una Iniciativa legislativa popular (ILP) que se tradujo en la Ley 24\/15 contra la emergencia habitacional y la pobreza energ\u00e9tica del Parlamento de Catalu\u00f1a. La ley, que fue aprobada por unanimidad, protege a las familias vulnerables contra los cortes y es una de las m\u00e1s garantistas en el \u00e1mbito europeo porque presupone que los impagos se producen por incapacidad econ\u00f3mica y no por falta de voluntad de las familias. Esto implica que las compa\u00f1\u00edas, antes de hacer efectivo cualquier corte, debe consultar a los servicios sociales municipales si la persona o la familia est\u00e1 en situaci\u00f3n de vulnerabilidad. Adem\u00e1s, el silencio administrativo debe interpretarse como una respuesta positiva.<\/p>\n\n\n\n<figure class=\"wp-block-image size-full\"><img loading=\"lazy\" decoding=\"async\" width=\"1024\" height=\"572\" src=\"https:\/\/ciutatsvivibles.entrepobles.org\/wp-content\/uploads\/2023\/03\/Alianca-contra-la-Pobresa-Energetica-Qui-Som-1024x572-1.jpg\" alt=\"\" class=\"wp-image-724\" srcset=\"https:\/\/ciutatsvivibles.entrepobles.org\/wp-content\/uploads\/2023\/03\/Alianca-contra-la-Pobresa-Energetica-Qui-Som-1024x572-1.jpg 1024w, https:\/\/ciutatsvivibles.entrepobles.org\/wp-content\/uploads\/2023\/03\/Alianca-contra-la-Pobresa-Energetica-Qui-Som-1024x572-1-768x429.jpg 768w\" sizes=\"auto, (max-width: 1024px) 100vw, 1024px\" \/><\/figure>\n\n\n\n<p>Una vez aprobada la ley sobre el papel, hubo problemas en su aplicaci\u00f3n porque las suministradoras todav\u00eda hac\u00edan cortes. Desde la APE, seguimos denunciando estos incumplimientos ante las empresas y las administraciones hasta que, en el a\u00f1o 2017, se produce un punto de inflexi\u00f3n a ra\u00edz de la muerte de una se\u00f1ora en la ciudad de Reus. Un incendio, originado por un desplome, provoc\u00f3 la muerte de la Rosa, una mujer de 81 a\u00f1os bajo seguimiento de Servicios sociales, a quien Gas Natural hab\u00eda cortado ilegalmente los suministros. El impacto medi\u00e1tico del caso y la reacci\u00f3n social ante los hechos supuso un giro en la aplicaci\u00f3n de la normativa que nos permite decir que, hasta hoy, la situaci\u00f3n respecto a los cortes est\u00e1 bastante controlada. A pesar de las dificultades en la implementaci\u00f3n, hay que decir que, como hicimos p\u00fablico en un informe presentado a finales de 2020, la Ley 24\/2015 ha evitado un m\u00ednimo de 200.000 cortes de suministro de familias vulnerabilizadas desde su aprobaci\u00f3n.<\/p>\n\n\n\n<p><strong>La gesti\u00f3n de las deudas<\/strong><\/p>\n\n\n\n<p>Otro tema en el que hemos trabajado mucho es en la gesti\u00f3n de la deuda que las compa\u00f1\u00edas reclaman a las familias. Durante muchos a\u00f1os, hemos hecho multitud de acciones (campa\u00f1as, concentraciones, ocupaciones de oficinas y sedes&#8230; ) para presionar a las empresas suministradoras y exigir la condonaci\u00f3n de estas deudas y el establecimiento de los convenios previstos. El hecho es que la ley 24\/15 establec\u00eda que la Generalitat y las empresas suministradoras deb\u00edan ponerse de acuerdo para hacerse cargo del dinero que las familias no pueden pagar, pero no fue hasta el a\u00f1o 2020, cinco a\u00f1os despu\u00e9s de la aprobaci\u00f3n, que se firm\u00f3 el primer convenio en este sentido. Este primer acuerdo, fruto en buena parte de la movilizaci\u00f3n en la calle, fue firmado por la Generalitat y Endesa -que es la principal suministradora en Catalu\u00f1a- y fue un primer paso importante pero, por ahora, todav\u00eda no se ha firmado ninguno m\u00e1s y, por tanto, todav\u00eda presionamos a la administraci\u00f3n para que se hagan efectivos.<\/p>\n\n\n\n<figure class=\"wp-block-image size-full\"><img loading=\"lazy\" decoding=\"async\" width=\"1200\" height=\"900\" src=\"https:\/\/ciutatsvivibles.entrepobles.org\/wp-content\/uploads\/2023\/03\/20211020-AssessoramentAPE.jpg\" alt=\"\" class=\"wp-image-723\" srcset=\"https:\/\/ciutatsvivibles.entrepobles.org\/wp-content\/uploads\/2023\/03\/20211020-AssessoramentAPE.jpg 1200w, https:\/\/ciutatsvivibles.entrepobles.org\/wp-content\/uploads\/2023\/03\/20211020-AssessoramentAPE-768x576.jpg 768w\" sizes=\"auto, (max-width: 1200px) 100vw, 1200px\" \/><\/figure>\n\n\n\n<p><strong>Funcionamiento y demandas<\/strong><\/p>\n\n\n\n<p>Cada quince d\u00edas nos encontramos en la sede de la FAVB para hacer asesoramiento a las personas afectadas. Lo primero que hacemos es la bienvenida, un espacio que sirve para romper el hielo y espantar la verg\u00fcenza que a menudo carga la gente que se acerca a explicar sus dificultades. La inmensa mayor\u00eda de las personas que se acercan son mujeres migrantes y, de ellas, muchas forman familias monomarentales.<\/p>\n\n\n\n<p>Nosotras no somos gestoras, lo que hacemos es dar las herramientas necesarias para que estas personas se empoderen. Ellas son las protagonistas y nosotras lo que procuramos es dar elementos y acompa\u00f1arlas. En este proceso obtienen conocimientos sobre su situaci\u00f3n y toman conciencia de sus derechos. A menudo, como el sentimiento de culpa es generalizado, hay que abordar el tema de la responsabilidad de las empresas y del hecho de que se aprovechan de la vulnerabilidad de las personas y las criminalizan.<\/p>\n\n\n\n<div class=\"wp-block-group alignfull mg-pattern-espais-coordinacio is-layout-flow wp-block-group-is-layout-flow\">\n<div style=\"height:3rem\" aria-hidden=\"true\" class=\"wp-block-spacer\"><\/div>\n\n\n\n<div class=\"wp-block-columns wrap is-layout-flex wp-container-core-columns-is-layout-28f84493 wp-block-columns-is-layout-flex\">\n<div class=\"wp-block-column is-layout-flow wp-block-column-is-layout-flow\">\n<hr class=\"wp-block-separator has-alpha-channel-opacity\"\/>\n\n\n\n<h2 class=\"wp-block-heading\">Espacios de coordinaci\u00f3n<\/h2>\n<\/div>\n\n\n\n<div class=\"wp-block-column is-layout-flow wp-block-column-is-layout-flow\">\n<div style=\"height:1.5rem\" aria-hidden=\"true\" class=\"wp-block-spacer\"><\/div>\n\n\n\n<ul class=\"main-list wp-block-list\">\n<li><a rel=\"noreferrer noopener\" href=\"http:\/\/www.mareablanca.cat\/tag\/alianca-de-marees-i-moviments-socials\" target=\"_blank\">Alian\u00e7a de marees i moviments socials a Catalunya<\/a><\/li>\n<\/ul>\n<\/div>\n<\/div>\n\n\n\n<div style=\"height:3rem\" aria-hidden=\"true\" class=\"wp-block-spacer\"><\/div>\n\n\n\n<div class=\"wp-block-group alignfull mg-pattern-espais-coordinacio is-layout-flow wp-block-group-is-layout-flow\">\n<div style=\"height:3rem\" aria-hidden=\"true\" class=\"wp-block-spacer\"><\/div>\n\n\n\n<div class=\"wp-block-columns wrap is-layout-flex wp-container-core-columns-is-layout-28f84493 wp-block-columns-is-layout-flex\">\n<div class=\"wp-block-column is-layout-flow wp-block-column-is-layout-flow\">\n<hr class=\"wp-block-separator has-alpha-channel-opacity\"\/>\n\n\n\n<h2 class=\"wp-block-heading\">Materiales y guias<\/h2>\n<\/div>\n\n\n\n<div class=\"wp-block-column is-layout-flow wp-block-column-is-layout-flow\">\n<div style=\"height:1.5rem\" aria-hidden=\"true\" class=\"wp-block-spacer\"><\/div>\n\n\n\n<ul class=\"main-list wp-block-list\">\n<li><a rel=\"noreferrer noopener\" href=\"https:\/\/pobresaenergetica.es\/documents-utils\" target=\"_blank\">Documentos \u00fatiles<\/a><\/li>\n<\/ul>\n<\/div>\n<\/div>\n\n\n\n<div style=\"height:3rem\" aria-hidden=\"true\" class=\"wp-block-spacer\"><\/div>\n<\/div>\n<\/div>\n","protected":false},"excerpt":{"rendered":"<p>El objetivo principal de la alianza contra la pobreza energ\u00e9tica (APE) -impulsada por Ingenier\u00eda sin fronteras, la PAH y la FAVB- es buscar soluciones a los cortes de suministros y se\u00f1alar, como responsables, a las empresas y a las administraciones que no tomaban medidas ante esta situaci\u00f3n. En el a\u00f1o 2014, ante la creciente dificultad [&hellip;]<\/p>\n","protected":false},"author":2,"featured_media":0,"template":"","label":[86,99],"mainline":[102],"scope":[113],"class_list":{"0":"post-1322","1":"entity","2":"type-entity","3":"status-publish","5":"label-defensa-del-derecho-a-los-servicios-basicos","6":"label-soporte-mutuo","7":"mainline-consumo","8":"scope-ciudad","9":"entry"},"acf":[],"_links":{"self":[{"href":"https:\/\/ciutatsvivibles.entrepobles.org\/es\/wp-json\/wp\/v2\/entity\/1322","targetHints":{"allow":["GET"]}}],"collection":[{"href":"https:\/\/ciutatsvivibles.entrepobles.org\/es\/wp-json\/wp\/v2\/entity"}],"about":[{"href":"https:\/\/ciutatsvivibles.entrepobles.org\/es\/wp-json\/wp\/v2\/types\/entity"}],"author":[{"embeddable":true,"href":"https:\/\/ciutatsvivibles.entrepobles.org\/es\/wp-json\/wp\/v2\/users\/2"}],"version-history":[{"count":2,"href":"https:\/\/ciutatsvivibles.entrepobles.org\/es\/wp-json\/wp\/v2\/entity\/1322\/revisions"}],"predecessor-version":[{"id":1351,"href":"https:\/\/ciutatsvivibles.entrepobles.org\/es\/wp-json\/wp\/v2\/entity\/1322\/revisions\/1351"}],"wp:attachment":[{"href":"https:\/\/ciutatsvivibles.entrepobles.org\/es\/wp-json\/wp\/v2\/media?parent=1322"}],"wp:term":[{"taxonomy":"label","embeddable":true,"href":"https:\/\/ciutatsvivibles.entrepobles.org\/es\/wp-json\/wp\/v2\/label?post=1322"},{"taxonomy":"mainline","embeddable":true,"href":"https:\/\/ciutatsvivibles.entrepobles.org\/es\/wp-json\/wp\/v2\/mainline?post=1322"},{"taxonomy":"scope","embeddable":true,"href":"https:\/\/ciutatsvivibles.entrepobles.org\/es\/wp-json\/wp\/v2\/scope?post=1322"}],"curies":[{"name":"wp","href":"https:\/\/api.w.org\/{rel}","templated":true}]}}

<p class="mg-pattern-paragraph-lead-00" style="text-transform:none">El objetivo principal de la alianza contra la pobreza energética (APE) -impulsada por Ingeniería sin fronteras, la PAH y la FAVB- es buscar soluciones a los cortes de suministros y señalar, como responsables, a las empresas y a las administraciones que no tomaban medidas ante esta situación.</p>



<p>En el año 2014, ante la creciente dificultad de muchas familias para poder pagar las facturas de los suministros domésticos -y los cortes en el servicio derivados de esta situación-, decidimos formar la Alianza contra la pobreza energética.</p>



<figure class="wp-block-image size-full"><img loading="lazy" decoding="async" width="1600" height="900" src="https://ciutatsvivibles.entrepobles.org/wp-content/uploads/2023/03/20210329-LliuresDeDeutes-1.jpeg" alt="" class="wp-image-722" srcset="https://ciutatsvivibles.entrepobles.org/wp-content/uploads/2023/03/20210329-LliuresDeDeutes-1.jpeg 1600w, https://ciutatsvivibles.entrepobles.org/wp-content/uploads/2023/03/20210329-LliuresDeDeutes-1-1280x720.jpeg 1280w, https://ciutatsvivibles.entrepobles.org/wp-content/uploads/2023/03/20210329-LliuresDeDeutes-1-768x432.jpeg 768w, https://ciutatsvivibles.entrepobles.org/wp-content/uploads/2023/03/20210329-LliuresDeDeutes-1-1536x864.jpeg 1536w" sizes="auto, (max-width: 1600px) 100vw, 1600px" /></figure>



<p>Consideramos que el acceso a estos suministros es un derecho y un elemento imprescindible para poder tener una vida digna y, por tanto, deben estar garantizados a toda la población. Pero nuestro objetivo va más allá porque lo que queremos es la remunicipalización de los servicios básicos y ponerlos bajo control democrático. Creemos que debemos decidir entre todas qué tipo de modelo queremos e implicarnos en él.</p>



<p><strong>La Ley 24/15</strong></p>



<p>Una de las primeras acciones que nos propusimos como APE fue impulsar, junto con la PAH y el Observatorio Desc, la presentación de una Iniciativa legislativa popular (ILP) que se tradujo en la Ley 24/15 contra la emergencia habitacional y la pobreza energética del Parlamento de Cataluña. La ley, que fue aprobada por unanimidad, protege a las familias vulnerables contra los cortes y es una de las más garantistas en el ámbito europeo porque presupone que los impagos se producen por incapacidad económica y no por falta de voluntad de las familias. Esto implica que las compañías, antes de hacer efectivo cualquier corte, debe consultar a los servicios sociales municipales si la persona o la familia está en situación de vulnerabilidad. Además, el silencio administrativo debe interpretarse como una respuesta positiva.</p>



<figure class="wp-block-image size-full"><img loading="lazy" decoding="async" width="1024" height="572" src="https://ciutatsvivibles.entrepobles.org/wp-content/uploads/2023/03/Alianca-contra-la-Pobresa-Energetica-Qui-Som-1024x572-1.jpg" alt="" class="wp-image-724" srcset="https://ciutatsvivibles.entrepobles.org/wp-content/uploads/2023/03/Alianca-contra-la-Pobresa-Energetica-Qui-Som-1024x572-1.jpg 1024w, https://ciutatsvivibles.entrepobles.org/wp-content/uploads/2023/03/Alianca-contra-la-Pobresa-Energetica-Qui-Som-1024x572-1-768x429.jpg 768w" sizes="auto, (max-width: 1024px) 100vw, 1024px" /></figure>



<p>Una vez aprobada la ley sobre el papel, hubo problemas en su aplicación porque las suministradoras todavía hacían cortes. Desde la APE, seguimos denunciando estos incumplimientos ante las empresas y las administraciones hasta que, en el año 2017, se produce un punto de inflexión a raíz de la muerte de una señora en la ciudad de Reus. Un incendio, originado por un desplome, provocó la muerte de la Rosa, una mujer de 81 años bajo seguimiento de Servicios sociales, a quien Gas Natural había cortado ilegalmente los suministros. El impacto mediático del caso y la reacción social ante los hechos supuso un giro en la aplicación de la normativa que nos permite decir que, hasta hoy, la situación respecto a los cortes está bastante controlada. A pesar de las dificultades en la implementación, hay que decir que, como hicimos público en un informe presentado a finales de 2020, la Ley 24/2015 ha evitado un mínimo de 200.000 cortes de suministro de familias vulnerabilizadas desde su aprobación.</p>



<p><strong>La gestión de las deudas</strong></p>



<p>Otro tema en el que hemos trabajado mucho es en la gestión de la deuda que las compañías reclaman a las familias. Durante muchos años, hemos hecho multitud de acciones (campañas, concentraciones, ocupaciones de oficinas y sedes&#8230; ) para presionar a las empresas suministradoras y exigir la condonación de estas deudas y el establecimiento de los convenios previstos. El hecho es que la ley 24/15 establecía que la Generalitat y las empresas suministradoras debían ponerse de acuerdo para hacerse cargo del dinero que las familias no pueden pagar, pero no fue hasta el año 2020, cinco años después de la aprobación, que se firmó el primer convenio en este sentido. Este primer acuerdo, fruto en buena parte de la movilización en la calle, fue firmado por la Generalitat y Endesa -que es la principal suministradora en Cataluña- y fue un primer paso importante pero, por ahora, todavía no se ha firmado ninguno más y, por tanto, todavía presionamos a la administración para que se hagan efectivos.</p>



<figure class="wp-block-image size-full"><img loading="lazy" decoding="async" width="1200" height="900" src="https://ciutatsvivibles.entrepobles.org/wp-content/uploads/2023/03/20211020-AssessoramentAPE.jpg" alt="" class="wp-image-723" srcset="https://ciutatsvivibles.entrepobles.org/wp-content/uploads/2023/03/20211020-AssessoramentAPE.jpg 1200w, https://ciutatsvivibles.entrepobles.org/wp-content/uploads/2023/03/20211020-AssessoramentAPE-768x576.jpg 768w" sizes="auto, (max-width: 1200px) 100vw, 1200px" /></figure>



<p><strong>Funcionamiento y demandas</strong></p>



<p>Cada quince días nos encontramos en la sede de la FAVB para hacer asesoramiento a las personas afectadas. Lo primero que hacemos es la bienvenida, un espacio que sirve para romper el hielo y espantar la vergüenza que a menudo carga la gente que se acerca a explicar sus dificultades. La inmensa mayoría de las personas que se acercan son mujeres migrantes y, de ellas, muchas forman familias monomarentales.</p>



<p>Nosotras no somos gestoras, lo que hacemos es dar las herramientas necesarias para que estas personas se empoderen. Ellas son las protagonistas y nosotras lo que procuramos es dar elementos y acompañarlas. En este proceso obtienen conocimientos sobre su situación y toman conciencia de sus derechos. A menudo, como el sentimiento de culpa es generalizado, hay que abordar el tema de la responsabilidad de las empresas y del hecho de que se aprovechan de la vulnerabilidad de las personas y las criminalizan.</p>



<div class="wp-block-group alignfull mg-pattern-espais-coordinacio is-layout-flow wp-block-group-is-layout-flow">
<div style="height:3rem" aria-hidden="true" class="wp-block-spacer"></div>



<div class="wp-block-columns wrap is-layout-flex wp-container-core-columns-is-layout-28f84493 wp-block-columns-is-layout-flex">
<div class="wp-block-column is-layout-flow wp-block-column-is-layout-flow">
<hr class="wp-block-separator has-alpha-channel-opacity"/>



<h2 class="wp-block-heading">Espacios de coordinación</h2>
</div>



<div class="wp-block-column is-layout-flow wp-block-column-is-layout-flow">
<div style="height:1.5rem" aria-hidden="true" class="wp-block-spacer"></div>



<ul class="main-list wp-block-list">
<li><a rel="noreferrer noopener" href="http://www.mareablanca.cat/tag/alianca-de-marees-i-moviments-socials" target="_blank">Aliança de marees i moviments socials a Catalunya</a></li>
</ul>
</div>
</div>



<div style="height:3rem" aria-hidden="true" class="wp-block-spacer"></div>



<div class="wp-block-group alignfull mg-pattern-espais-coordinacio is-layout-flow wp-block-group-is-layout-flow">
<div style="height:3rem" aria-hidden="true" class="wp-block-spacer"></div>



<div class="wp-block-columns wrap is-layout-flex wp-container-core-columns-is-layout-28f84493 wp-block-columns-is-layout-flex">
<div class="wp-block-column is-layout-flow wp-block-column-is-layout-flow">
<hr class="wp-block-separator has-alpha-channel-opacity"/>



<h2 class="wp-block-heading">Materiales y guias</h2>
</div>



<div class="wp-block-column is-layout-flow wp-block-column-is-layout-flow">
<div style="height:1.5rem" aria-hidden="true" class="wp-block-spacer"></div>



<ul class="main-list wp-block-list">
<li><a rel="noreferrer noopener" href="https://pobresaenergetica.es/documents-utils" target="_blank">Documentos útiles</a></li>
</ul>
</div>
</div>



<div style="height:3rem" aria-hidden="true" class="wp-block-spacer"></div>
</div>
</div>

<p>El objetivo principal de la alianza contra la pobreza energética (APE) -impulsada por Ingeniería sin fronteras, la PAH y la FAVB- es buscar soluciones a los cortes de suministros y señalar, como responsables, a las empresas y a las administraciones que no tomaban medidas ante esta situación. En el año 2014, ante la creciente dificultad [&hellip;]</p>
