{"id":1277,"date":"2023-03-19T21:50:41","date_gmt":"2023-03-19T20:50:41","guid":{"rendered":"https:\/\/ciutatsvivibles.entrepobles.org\/entity\/pah-de-barcelona\/"},"modified":"2023-04-20T17:22:07","modified_gmt":"2023-04-20T15:22:07","slug":"pah-de-barcelona","status":"publish","type":"entity","link":"https:\/\/ciutatsvivibles.entrepobles.org\/es\/entidad\/pah-de-barcelona\/","title":{"rendered":"PAH de Barcelona"},"content":{"rendered":"\n<p class=\"mg-pattern-paragraph-lead-00\" style=\"text-transform:none\">La Plataforma de Afectados por la Hipoteca (PAH) de Barcelona se fund\u00f3 en el a\u00f1o 2009 para hacer frente a la gran crisis hipotecaria que provoc\u00f3 el estallido de la burbuja inmobiliaria. Hoy, su objetivo sigue siendo defender el derecho a la vivienda de personas y familias vulnerables.<\/p>\n\n\n\n<p>La PAH tiene un \u00e1mbito de actuaci\u00f3n estatal y se organiza a partir de m\u00e1s de 200 nodos. En Catalu\u00f1a tenemos una seguidilla de nodos de manera que casi todo el mundo tiene un n\u00facleo cercano a su poblaci\u00f3n. Es un movimiento horizontal, sin jerarqu\u00edas, y nos organizamos a partir de la asamblea y las comisiones de trabajo. Nos autofinanciamos mediante las aportaciones voluntarias de los miembros, las actividades que organizamos y la venta de merchandising.<\/p>\n\n\n\n<figure class=\"wp-block-image size-full\"><img loading=\"lazy\" decoding=\"async\" width=\"960\" height=\"640\" src=\"https:\/\/ciutatsvivibles.entrepobles.org\/wp-content\/uploads\/2023\/03\/accio.jpg\" alt=\"\" class=\"wp-image-832\" srcset=\"https:\/\/ciutatsvivibles.entrepobles.org\/wp-content\/uploads\/2023\/03\/accio.jpg 960w, https:\/\/ciutatsvivibles.entrepobles.org\/wp-content\/uploads\/2023\/03\/accio-768x512.jpg 768w\" sizes=\"auto, (max-width: 960px) 100vw, 960px\" \/><\/figure>\n\n\n\n<p>Somos un movimiento social feminista porque la gran mayor\u00eda de personas que se acercan para hacer frente a sus problemas y luchar por solucionarlos son mujeres. Al mismo tiempo, somos un movimiento abierto y muy diverso y, por lo tanto, nos hemos ido encontrando situaciones que nos han llevado a trabajar e incorporar como bases el antirracismo y el antimachismo en nuestro funcionamiento.<\/p>\n\n\n\n<p>La organizaci\u00f3n est\u00e1 formada tanto por personas afectadas que tienen o han tenido un problema con su vivienda -sea por las hipotecas, los alquileres o por haber ocupado- como por personas no afectadas. Los problemas con la vivienda y de acceso a la vivienda nos afectan a todas o nos pueden llegar a afectar en un momento u otro. Por ello, cualquiera puede sentirse motivado a participar en la PAH.<\/p>\n\n\n\n<p><strong>Apoyo mutuo<\/strong><\/p>\n\n\n\n<p>Cada semana hacemos dos asambleas, una recibida -donde explicamos que somos, qu\u00e9 hacemos y qu\u00e9 no hacemos- y otra de coordinaci\u00f3n -donde decidimos las acciones. A veces la gente piensa que somos como una gestor\u00eda donde puedes llevar tus papeles y esperar a que te resuelvan tu caso pero no funcionamos as\u00ed sino que practicamos el apoyo mutuo. Nosotros hemos acumulado conocimiento sobre los pasos a seguir ante las diferentes situaciones y lo compartimos. Hacemos acogida a las personas que se acercan y, entre todas, nos asesoramos para hacer frente a cada situaci\u00f3n.<\/p>\n\n\n\n<figure class=\"wp-block-image size-full\"><img loading=\"lazy\" decoding=\"async\" width=\"1600\" height=\"1064\" src=\"https:\/\/ciutatsvivibles.entrepobles.org\/wp-content\/uploads\/2023\/03\/local.jpg\" alt=\"\" class=\"wp-image-833\" srcset=\"https:\/\/ciutatsvivibles.entrepobles.org\/wp-content\/uploads\/2023\/03\/local.jpg 1600w, https:\/\/ciutatsvivibles.entrepobles.org\/wp-content\/uploads\/2023\/03\/local-768x511.jpg 768w, https:\/\/ciutatsvivibles.entrepobles.org\/wp-content\/uploads\/2023\/03\/local-1536x1021.jpg 1536w\" sizes=\"auto, (max-width: 1600px) 100vw, 1600px\" \/><\/figure>\n\n\n\n<p>Mucha gente llega con sentimientos de culpabilidad, problemas emocionales y mucha verg\u00fcenza. Nosotros creemos que tenemos que romper con eso. A menudo la tarea de acogida empieza por hacer ver a la gente que no son culpables de la situaci\u00f3n que arrastran. Los pol\u00edticos y el sistema financiero son los que generan los problemas. El sistema es el que falla, no las familias.<\/p>\n\n\n\n<p><strong>Derecho a la vivienda digna<\/strong><\/p>\n\n\n\n<p>La PAH ha sido un referente para otros movimientos, de aqu\u00ed y de todas partes, que han ido saliendo en torno al tema del derecho a la vivienda. Somos un movimiento social solidario, pacifista y apartidista. Presionamos a los pol\u00edticos, empresas, bancos e instituciones -haciendo uso de acciones directas como las manifestaciones o los <em>escraches<\/em>&#8211; porque necesitamos urgentemente una ley que garantice el derecho a una vivienda digna para todos.<\/p>\n\n\n\n<figure class=\"wp-block-image size-full\"><img loading=\"lazy\" decoding=\"async\" width=\"1280\" height=\"622\" src=\"https:\/\/ciutatsvivibles.entrepobles.org\/wp-content\/uploads\/2023\/03\/mani.jpg\" alt=\"\" class=\"wp-image-834\" srcset=\"https:\/\/ciutatsvivibles.entrepobles.org\/wp-content\/uploads\/2023\/03\/mani.jpg 1280w, https:\/\/ciutatsvivibles.entrepobles.org\/wp-content\/uploads\/2023\/03\/mani-768x373.jpg 768w\" sizes=\"auto, (max-width: 1280px) 100vw, 1280px\" \/><\/figure>\n\n\n\n<p>Somos conscientes de la complejidad del problema y, por ello, a menudo trabajamos conjuntamente con otras entidades y nos coordinamos por campa\u00f1as como la de la Ley 24\/2015 de la Generalitat (Ley de medidas urgentes para afrontar la emergencia en el \u00e1mbito de la vivienda y la pobreza energ\u00e9tica), la reserva del 30% de las promociones por vivienda p\u00fablica o la regulaci\u00f3n de los precios del alquiler.<\/p>\n\n\n\n<p>A lo largo de estos a\u00f1os, entre todas, hemos conseguido muchas cosas a trav\u00e9s de la presi\u00f3n y la lucha social. Y seguiremos trabajando porque todav\u00eda quedan muchas cosas por hacer.<\/p>\n\n\n\n<div class=\"wp-block-group alignfull mg-pattern-espais-coordinacio is-layout-flow wp-block-group-is-layout-flow\">\n<div style=\"height:3rem\" aria-hidden=\"true\" class=\"wp-block-spacer\"><\/div>\n\n\n\n<div class=\"wp-block-columns wrap is-layout-flex wp-container-core-columns-is-layout-28f84493 wp-block-columns-is-layout-flex\">\n<div class=\"wp-block-column is-layout-flow wp-block-column-is-layout-flow\">\n<hr class=\"wp-block-separator has-alpha-channel-opacity\"\/>\n\n\n\n<h2 class=\"wp-block-heading\">Espacios de coordinaci\u00f3n<\/h2>\n<\/div>\n\n\n\n<div class=\"wp-block-column is-layout-flow wp-block-column-is-layout-flow\">\n<div style=\"height:1.5rem\" aria-hidden=\"true\" class=\"wp-block-spacer\"><\/div>\n\n\n\n<ul class=\"main-list wp-block-list\">\n<li><a href=\"https:\/\/congreshabitatge.cat\" target=\"_blank\" rel=\"noreferrer noopener\">Congr\u00e9s d\u2019habitatge de Catalunya<\/a><\/li>\n<\/ul>\n<\/div>\n<\/div>\n\n\n\n<div style=\"height:48px\" aria-hidden=\"true\" class=\"wp-block-spacer\"><\/div>\n\n\n\n<div class=\"wp-block-group alignfull mg-pattern-espais-coordinacio is-layout-flow wp-block-group-is-layout-flow\">\n<div style=\"height:3rem\" aria-hidden=\"true\" class=\"wp-block-spacer\"><\/div>\n\n\n\n<div class=\"wp-block-columns wrap is-layout-flex wp-container-core-columns-is-layout-28f84493 wp-block-columns-is-layout-flex\">\n<div class=\"wp-block-column is-layout-flow wp-block-column-is-layout-flow\">\n<hr class=\"wp-block-separator has-alpha-channel-opacity\"\/>\n\n\n\n<h2 class=\"wp-block-heading\">Materiales y guias<\/h2>\n<\/div>\n\n\n\n<div class=\"wp-block-column is-layout-flow wp-block-column-is-layout-flow\">\n<div style=\"height:1.5rem\" aria-hidden=\"true\" class=\"wp-block-spacer\"><\/div>\n\n\n\n<ul class=\"main-list wp-block-list\">\n<li><a href=\"https:\/\/afectadosporlahipoteca.com\/documentos-utiles\" target=\"_blank\" rel=\"noreferrer noopener\">Documentos \u00fatiles<\/a><\/li>\n\n\n\n<li><a href=\"https:\/\/afectadosporlahipoteca.com\/publicaciones-pah\" target=\"_blank\" rel=\"noreferrer noopener\">Publicaciones<\/a><\/li>\n<\/ul>\n<\/div>\n<\/div>\n\n\n\n<div style=\"height:3rem\" aria-hidden=\"true\" class=\"wp-block-spacer\"><\/div>\n<\/div>\n<\/div>\n","protected":false},"excerpt":{"rendered":"<p>La Plataforma de Afectados por la Hipoteca (PAH) de Barcelona se fund\u00f3 en el a\u00f1o 2009 para hacer frente a la gran crisis hipotecaria que provoc\u00f3 el estallido de la burbuja inmobiliaria. Hoy, su objetivo sigue siendo defender el derecho a la vivienda de personas y familias vulnerables. La PAH tiene un \u00e1mbito de actuaci\u00f3n [&hellip;]<\/p>\n","protected":false},"author":2,"featured_media":0,"template":"","label":[87,99],"mainline":[108],"scope":[113],"class_list":{"0":"post-1277","1":"entity","2":"type-entity","3":"status-publish","5":"label-defensa-del-derecho-a-la-vivienda","6":"label-soporte-mutuo","7":"mainline-vivienda","8":"scope-ciudad","9":"entry"},"acf":[],"_links":{"self":[{"href":"https:\/\/ciutatsvivibles.entrepobles.org\/es\/wp-json\/wp\/v2\/entity\/1277","targetHints":{"allow":["GET"]}}],"collection":[{"href":"https:\/\/ciutatsvivibles.entrepobles.org\/es\/wp-json\/wp\/v2\/entity"}],"about":[{"href":"https:\/\/ciutatsvivibles.entrepobles.org\/es\/wp-json\/wp\/v2\/types\/entity"}],"author":[{"embeddable":true,"href":"https:\/\/ciutatsvivibles.entrepobles.org\/es\/wp-json\/wp\/v2\/users\/2"}],"version-history":[{"count":2,"href":"https:\/\/ciutatsvivibles.entrepobles.org\/es\/wp-json\/wp\/v2\/entity\/1277\/revisions"}],"predecessor-version":[{"id":1337,"href":"https:\/\/ciutatsvivibles.entrepobles.org\/es\/wp-json\/wp\/v2\/entity\/1277\/revisions\/1337"}],"wp:attachment":[{"href":"https:\/\/ciutatsvivibles.entrepobles.org\/es\/wp-json\/wp\/v2\/media?parent=1277"}],"wp:term":[{"taxonomy":"label","embeddable":true,"href":"https:\/\/ciutatsvivibles.entrepobles.org\/es\/wp-json\/wp\/v2\/label?post=1277"},{"taxonomy":"mainline","embeddable":true,"href":"https:\/\/ciutatsvivibles.entrepobles.org\/es\/wp-json\/wp\/v2\/mainline?post=1277"},{"taxonomy":"scope","embeddable":true,"href":"https:\/\/ciutatsvivibles.entrepobles.org\/es\/wp-json\/wp\/v2\/scope?post=1277"}],"curies":[{"name":"wp","href":"https:\/\/api.w.org\/{rel}","templated":true}]}}

<p class="mg-pattern-paragraph-lead-00" style="text-transform:none">La Plataforma de Afectados por la Hipoteca (PAH) de Barcelona se fundó en el año 2009 para hacer frente a la gran crisis hipotecaria que provocó el estallido de la burbuja inmobiliaria. Hoy, su objetivo sigue siendo defender el derecho a la vivienda de personas y familias vulnerables.</p>



<p>La PAH tiene un ámbito de actuación estatal y se organiza a partir de más de 200 nodos. En Cataluña tenemos una seguidilla de nodos de manera que casi todo el mundo tiene un núcleo cercano a su población. Es un movimiento horizontal, sin jerarquías, y nos organizamos a partir de la asamblea y las comisiones de trabajo. Nos autofinanciamos mediante las aportaciones voluntarias de los miembros, las actividades que organizamos y la venta de merchandising.</p>



<figure class="wp-block-image size-full"><img loading="lazy" decoding="async" width="960" height="640" src="https://ciutatsvivibles.entrepobles.org/wp-content/uploads/2023/03/accio.jpg" alt="" class="wp-image-832" srcset="https://ciutatsvivibles.entrepobles.org/wp-content/uploads/2023/03/accio.jpg 960w, https://ciutatsvivibles.entrepobles.org/wp-content/uploads/2023/03/accio-768x512.jpg 768w" sizes="auto, (max-width: 960px) 100vw, 960px" /></figure>



<p>Somos un movimiento social feminista porque la gran mayoría de personas que se acercan para hacer frente a sus problemas y luchar por solucionarlos son mujeres. Al mismo tiempo, somos un movimiento abierto y muy diverso y, por lo tanto, nos hemos ido encontrando situaciones que nos han llevado a trabajar e incorporar como bases el antirracismo y el antimachismo en nuestro funcionamiento.</p>



<p>La organización está formada tanto por personas afectadas que tienen o han tenido un problema con su vivienda -sea por las hipotecas, los alquileres o por haber ocupado- como por personas no afectadas. Los problemas con la vivienda y de acceso a la vivienda nos afectan a todas o nos pueden llegar a afectar en un momento u otro. Por ello, cualquiera puede sentirse motivado a participar en la PAH.</p>



<p><strong>Apoyo mutuo</strong></p>



<p>Cada semana hacemos dos asambleas, una recibida -donde explicamos que somos, qué hacemos y qué no hacemos- y otra de coordinación -donde decidimos las acciones. A veces la gente piensa que somos como una gestoría donde puedes llevar tus papeles y esperar a que te resuelvan tu caso pero no funcionamos así sino que practicamos el apoyo mutuo. Nosotros hemos acumulado conocimiento sobre los pasos a seguir ante las diferentes situaciones y lo compartimos. Hacemos acogida a las personas que se acercan y, entre todas, nos asesoramos para hacer frente a cada situación.</p>



<figure class="wp-block-image size-full"><img loading="lazy" decoding="async" width="1600" height="1064" src="https://ciutatsvivibles.entrepobles.org/wp-content/uploads/2023/03/local.jpg" alt="" class="wp-image-833" srcset="https://ciutatsvivibles.entrepobles.org/wp-content/uploads/2023/03/local.jpg 1600w, https://ciutatsvivibles.entrepobles.org/wp-content/uploads/2023/03/local-768x511.jpg 768w, https://ciutatsvivibles.entrepobles.org/wp-content/uploads/2023/03/local-1536x1021.jpg 1536w" sizes="auto, (max-width: 1600px) 100vw, 1600px" /></figure>



<p>Mucha gente llega con sentimientos de culpabilidad, problemas emocionales y mucha vergüenza. Nosotros creemos que tenemos que romper con eso. A menudo la tarea de acogida empieza por hacer ver a la gente que no son culpables de la situación que arrastran. Los políticos y el sistema financiero son los que generan los problemas. El sistema es el que falla, no las familias.</p>



<p><strong>Derecho a la vivienda digna</strong></p>



<p>La PAH ha sido un referente para otros movimientos, de aquí y de todas partes, que han ido saliendo en torno al tema del derecho a la vivienda. Somos un movimiento social solidario, pacifista y apartidista. Presionamos a los políticos, empresas, bancos e instituciones -haciendo uso de acciones directas como las manifestaciones o los <em>escraches</em>&#8211; porque necesitamos urgentemente una ley que garantice el derecho a una vivienda digna para todos.</p>



<figure class="wp-block-image size-full"><img loading="lazy" decoding="async" width="1280" height="622" src="https://ciutatsvivibles.entrepobles.org/wp-content/uploads/2023/03/mani.jpg" alt="" class="wp-image-834" srcset="https://ciutatsvivibles.entrepobles.org/wp-content/uploads/2023/03/mani.jpg 1280w, https://ciutatsvivibles.entrepobles.org/wp-content/uploads/2023/03/mani-768x373.jpg 768w" sizes="auto, (max-width: 1280px) 100vw, 1280px" /></figure>



<p>Somos conscientes de la complejidad del problema y, por ello, a menudo trabajamos conjuntamente con otras entidades y nos coordinamos por campañas como la de la Ley 24/2015 de la Generalitat (Ley de medidas urgentes para afrontar la emergencia en el ámbito de la vivienda y la pobreza energética), la reserva del 30% de las promociones por vivienda pública o la regulación de los precios del alquiler.</p>



<p>A lo largo de estos años, entre todas, hemos conseguido muchas cosas a través de la presión y la lucha social. Y seguiremos trabajando porque todavía quedan muchas cosas por hacer.</p>



<div class="wp-block-group alignfull mg-pattern-espais-coordinacio is-layout-flow wp-block-group-is-layout-flow">
<div style="height:3rem" aria-hidden="true" class="wp-block-spacer"></div>



<div class="wp-block-columns wrap is-layout-flex wp-container-core-columns-is-layout-28f84493 wp-block-columns-is-layout-flex">
<div class="wp-block-column is-layout-flow wp-block-column-is-layout-flow">
<hr class="wp-block-separator has-alpha-channel-opacity"/>



<h2 class="wp-block-heading">Espacios de coordinación</h2>
</div>



<div class="wp-block-column is-layout-flow wp-block-column-is-layout-flow">
<div style="height:1.5rem" aria-hidden="true" class="wp-block-spacer"></div>



<ul class="main-list wp-block-list">
<li><a href="https://congreshabitatge.cat" target="_blank" rel="noreferrer noopener">Congrés d’habitatge de Catalunya</a></li>
</ul>
</div>
</div>



<div style="height:48px" aria-hidden="true" class="wp-block-spacer"></div>



<div class="wp-block-group alignfull mg-pattern-espais-coordinacio is-layout-flow wp-block-group-is-layout-flow">
<div style="height:3rem" aria-hidden="true" class="wp-block-spacer"></div>



<div class="wp-block-columns wrap is-layout-flex wp-container-core-columns-is-layout-28f84493 wp-block-columns-is-layout-flex">
<div class="wp-block-column is-layout-flow wp-block-column-is-layout-flow">
<hr class="wp-block-separator has-alpha-channel-opacity"/>



<h2 class="wp-block-heading">Materiales y guias</h2>
</div>



<div class="wp-block-column is-layout-flow wp-block-column-is-layout-flow">
<div style="height:1.5rem" aria-hidden="true" class="wp-block-spacer"></div>



<ul class="main-list wp-block-list">
<li><a href="https://afectadosporlahipoteca.com/documentos-utiles" target="_blank" rel="noreferrer noopener">Documentos útiles</a></li>



<li><a href="https://afectadosporlahipoteca.com/publicaciones-pah" target="_blank" rel="noreferrer noopener">Publicaciones</a></li>
</ul>
</div>
</div>



<div style="height:3rem" aria-hidden="true" class="wp-block-spacer"></div>
</div>
</div>

<p>La Plataforma de Afectados por la Hipoteca (PAH) de Barcelona se fundó en el año 2009 para hacer frente a la gran crisis hipotecaria que provocó el estallido de la burbuja inmobiliaria. Hoy, su objetivo sigue siendo defender el derecho a la vivienda de personas y familias vulnerables. La PAH tiene un ámbito de actuación [&hellip;]</p>
