{"id":1267,"date":"2023-03-19T22:27:57","date_gmt":"2023-03-19T21:27:57","guid":{"rendered":"https:\/\/ciutatsvivibles.entrepobles.org\/entity\/userda-9\/"},"modified":"2023-04-20T10:00:57","modified_gmt":"2023-04-20T08:00:57","slug":"userda-9","status":"publish","type":"entity","link":"https:\/\/ciutatsvivibles.entrepobles.org\/es\/entidad\/userda-9\/","title":{"rendered":"Userda 9"},"content":{"rendered":"\n<p class=\"mg-pattern-paragraph-lead-00\" style=\"text-transform:none\">En Userda 9 queremos ser responsables en nuestro consumo y compramos lo que necesitamos con criterios de responsabilidad ecol\u00f3gica y social.<\/p>\n\n<p>Userda 9 somos un grupo de personas y familias interesadas en cambiar su manera de consumir que nos hemos juntado para adquirir productos biol\u00f3gicos y ecol\u00f3gicos directamente de los productores. Los integrantes de la entidad somos socias y asumimos entre todas la responsabilidad del proyecto. El funcionamiento es democr\u00e1tico y autogestionado y la gesti\u00f3n se basa en la participaci\u00f3n activa de las personas. No tenemos \u00e1nimo de lucro y los beneficios se reinvierten \u00edntegramente en el proyecto.<\/p>\n\n<figure class=\"wp-block-image size-full\"><img loading=\"lazy\" decoding=\"async\" width=\"1140\" height=\"642\" src=\"https:\/\/ciutatsvivibles.entrepobles.org\/wp-content\/uploads\/2023\/03\/userda.jpg\" alt=\"\" class=\"wp-image-854\" srcset=\"https:\/\/ciutatsvivibles.entrepobles.org\/wp-content\/uploads\/2023\/03\/userda.jpg 1140w, https:\/\/ciutatsvivibles.entrepobles.org\/wp-content\/uploads\/2023\/03\/userda-768x433.jpg 768w\" sizes=\"auto, (max-width: 1140px) 100vw, 1140px\" \/><\/figure>\n\n<p>Empezamos a funcionar como grupo de consumo en el barrio de la Prosperitat de Barcelona en el a\u00f1o 2000. El grupo inicial lo integraba gente que formaba parte de entidades de 9 Barris, de asociaciones de vecinos, de grupos ecologistas o que estaban interesadas con la agricultura ecol\u00f3gica y de proximidad. El proyecto fue creciendo y termin\u00f3 decidiendo constituirnos como cooperativa de consumo.<\/p>\n\n<p>El objetivo era huir del acto de consumo ligado a los supermercados y a los mayoristas -y, en general, del modelo extractivista ligado a todo ello- para acercarnos a un consumo responsable. Es decir, aquel consumo que tiene en cuenta la producci\u00f3n de proximidad, el producto ecol\u00f3gico y de temporada, que cuida el territorio y a los campesinos. Un modelo que respete el medio ambiente y, tambi\u00e9n, las condiciones laborales de las y los trabajadores.<\/p>\n\n<p><strong>Divulgaci\u00f3n de los valores del consumo responsable<\/strong><\/p>\n\n<p>Aparte de la compra y el reparto de los productos entre los socios tambi\u00e9n dedicamos parte de nuestros esfuerzos a la divulgaci\u00f3n de los valores del consumo responsable en nuestro entorno inmediato. Por ello, peri\u00f3dicamente, hacemos charlas y talleres para entidades y escuelas. Siempre con el objetivo de difundir los valores de la ecolog\u00eda, el medio ambiente y el consumo responsable.<\/p>\n\n<figure class=\"wp-block-image size-full\"><img loading=\"lazy\" decoding=\"async\" width=\"610\" height=\"407\" src=\"https:\/\/ciutatsvivibles.entrepobles.org\/wp-content\/uploads\/2023\/03\/hort.jpg\" alt=\"\" class=\"wp-image-855\"\/><\/figure>\n\n<p>Tambi\u00e9n, con la asociaci\u00f3n de vecinos, hemos recuperado un espacio degradado del barrio que hemos convertido en un huerto socioeducativo. El huerto Ecov\u00ednculos es un proyecto comunitario: no hay parcelas particulares, las decisiones se toman en com\u00fan y toda la producci\u00f3n es por el banco de alimentos.<\/p>\n\n<p>Otro aspecto que trabajamos desde Userda es la creaci\u00f3n de red con otras entidades del barrio. Trabajamos con escuelas, centros de ancianos, centros de verano, centros que trabajan con personas con diversidad funcional, recreos, centros de atenci\u00f3n primaria&#8230; Tambi\u00e9n tenemos muchos v\u00ednculos con el centro de barrio y con el polideportivo -que comparten un modelo de gesti\u00f3n c\u00edvica-. Y, claro, participamos en las fiestas del barrio.<\/p>\n\n<p><strong>Cambiar el modelo<\/strong><\/p>\n\n<p>Hacen falta pol\u00edticas p\u00fablicas que apoyen el modelo de consumo responsable y a los peque\u00f1os campesinos y ganaderos. Hay otra manera de consumir y hay manera de organizarnos para hacerlo posible. Debemos informar a la gente las consecuencias del consumo que hace, provocar la reflexi\u00f3n y empoderarnos para cambiar el modelo actual entre todas.<\/p>\n\n<div class=\"wp-block-group alignfull mg-pattern-espais-coordinacio is-layout-flow wp-block-group-is-layout-flow\">\n<div style=\"height:3rem\" aria-hidden=\"true\" class=\"wp-block-spacer\"><\/div>\n\n\n\n<div class=\"wp-block-columns wrap is-layout-flex wp-container-core-columns-is-layout-28f84493 wp-block-columns-is-layout-flex\">\n<div class=\"wp-block-column is-layout-flow wp-block-column-is-layout-flow\">\n<hr class=\"wp-block-separator has-alpha-channel-opacity\"\/>\n\n\n\n<h2 class=\"wp-block-heading\">Materiales y guias<\/h2>\n<\/div>\n\n\n\n<div class=\"wp-block-column is-layout-flow wp-block-column-is-layout-flow\">\n<div style=\"height:1.5rem\" aria-hidden=\"true\" class=\"wp-block-spacer\"><\/div>\n\n\n\n<ul class=\"main-list wp-block-list\">\n<li><a href=\"https:\/\/drive.google.com\/file\/d\/0B7AH2qDEwEFVNnJnZ2o0VHNXX1k\/edit\" target=\"_blank\" rel=\"noreferrer noopener\">Userda<\/a><\/li>\n<\/ul>\n<\/div>\n<\/div>\n\n\n\n<div style=\"height:3rem\" aria-hidden=\"true\" class=\"wp-block-spacer\"><\/div>\n<\/div>\n","protected":false},"excerpt":{"rendered":"<p>En Userda 9 queremos ser responsables en nuestro consumo y compramos lo que necesitamos con criterios de responsabilidad ecol\u00f3gica y social. Userda 9 somos un grupo de personas y familias interesadas en cambiar su manera de consumir que nos hemos juntado para adquirir productos biol\u00f3gicos y ecol\u00f3gicos directamente de los productores. Los integrantes de la [&hellip;]<\/p>\n","protected":false},"author":2,"featured_media":0,"template":"","label":[83],"mainline":[102,106,110],"scope":[112,114],"class_list":{"0":"post-1267","1":"entity","2":"type-entity","3":"status-publish","5":"label-autogestion-alimentaria-cooperativas-de-consumo","6":"mainline-consumo","7":"mainline-educacion","8":"mainline-salud","9":"scope-barrio","10":"scope-distrito","11":"entry"},"acf":[],"_links":{"self":[{"href":"https:\/\/ciutatsvivibles.entrepobles.org\/es\/wp-json\/wp\/v2\/entity\/1267","targetHints":{"allow":["GET"]}}],"collection":[{"href":"https:\/\/ciutatsvivibles.entrepobles.org\/es\/wp-json\/wp\/v2\/entity"}],"about":[{"href":"https:\/\/ciutatsvivibles.entrepobles.org\/es\/wp-json\/wp\/v2\/types\/entity"}],"author":[{"embeddable":true,"href":"https:\/\/ciutatsvivibles.entrepobles.org\/es\/wp-json\/wp\/v2\/users\/2"}],"version-history":[{"count":3,"href":"https:\/\/ciutatsvivibles.entrepobles.org\/es\/wp-json\/wp\/v2\/entity\/1267\/revisions"}],"predecessor-version":[{"id":1270,"href":"https:\/\/ciutatsvivibles.entrepobles.org\/es\/wp-json\/wp\/v2\/entity\/1267\/revisions\/1270"}],"wp:attachment":[{"href":"https:\/\/ciutatsvivibles.entrepobles.org\/es\/wp-json\/wp\/v2\/media?parent=1267"}],"wp:term":[{"taxonomy":"label","embeddable":true,"href":"https:\/\/ciutatsvivibles.entrepobles.org\/es\/wp-json\/wp\/v2\/label?post=1267"},{"taxonomy":"mainline","embeddable":true,"href":"https:\/\/ciutatsvivibles.entrepobles.org\/es\/wp-json\/wp\/v2\/mainline?post=1267"},{"taxonomy":"scope","embeddable":true,"href":"https:\/\/ciutatsvivibles.entrepobles.org\/es\/wp-json\/wp\/v2\/scope?post=1267"}],"curies":[{"name":"wp","href":"https:\/\/api.w.org\/{rel}","templated":true}]}}

<p class="mg-pattern-paragraph-lead-00" style="text-transform:none">En Userda 9 queremos ser responsables en nuestro consumo y compramos lo que necesitamos con criterios de responsabilidad ecológica y social.</p>

<p>Userda 9 somos un grupo de personas y familias interesadas en cambiar su manera de consumir que nos hemos juntado para adquirir productos biológicos y ecológicos directamente de los productores. Los integrantes de la entidad somos socias y asumimos entre todas la responsabilidad del proyecto. El funcionamiento es democrático y autogestionado y la gestión se basa en la participación activa de las personas. No tenemos ánimo de lucro y los beneficios se reinvierten íntegramente en el proyecto.</p>

<figure class="wp-block-image size-full"><img loading="lazy" decoding="async" width="1140" height="642" src="https://ciutatsvivibles.entrepobles.org/wp-content/uploads/2023/03/userda.jpg" alt="" class="wp-image-854" srcset="https://ciutatsvivibles.entrepobles.org/wp-content/uploads/2023/03/userda.jpg 1140w, https://ciutatsvivibles.entrepobles.org/wp-content/uploads/2023/03/userda-768x433.jpg 768w" sizes="auto, (max-width: 1140px) 100vw, 1140px" /></figure>

<p>Empezamos a funcionar como grupo de consumo en el barrio de la Prosperitat de Barcelona en el año 2000. El grupo inicial lo integraba gente que formaba parte de entidades de 9 Barris, de asociaciones de vecinos, de grupos ecologistas o que estaban interesadas con la agricultura ecológica y de proximidad. El proyecto fue creciendo y terminó decidiendo constituirnos como cooperativa de consumo.</p>

<p>El objetivo era huir del acto de consumo ligado a los supermercados y a los mayoristas -y, en general, del modelo extractivista ligado a todo ello- para acercarnos a un consumo responsable. Es decir, aquel consumo que tiene en cuenta la producción de proximidad, el producto ecológico y de temporada, que cuida el territorio y a los campesinos. Un modelo que respete el medio ambiente y, también, las condiciones laborales de las y los trabajadores.</p>

<p><strong>Divulgación de los valores del consumo responsable</strong></p>

<p>Aparte de la compra y el reparto de los productos entre los socios también dedicamos parte de nuestros esfuerzos a la divulgación de los valores del consumo responsable en nuestro entorno inmediato. Por ello, periódicamente, hacemos charlas y talleres para entidades y escuelas. Siempre con el objetivo de difundir los valores de la ecología, el medio ambiente y el consumo responsable.</p>

<figure class="wp-block-image size-full"><img loading="lazy" decoding="async" width="610" height="407" src="https://ciutatsvivibles.entrepobles.org/wp-content/uploads/2023/03/hort.jpg" alt="" class="wp-image-855"/></figure>

<p>También, con la asociación de vecinos, hemos recuperado un espacio degradado del barrio que hemos convertido en un huerto socioeducativo. El huerto Ecovínculos es un proyecto comunitario: no hay parcelas particulares, las decisiones se toman en común y toda la producción es por el banco de alimentos.</p>

<p>Otro aspecto que trabajamos desde Userda es la creación de red con otras entidades del barrio. Trabajamos con escuelas, centros de ancianos, centros de verano, centros que trabajan con personas con diversidad funcional, recreos, centros de atención primaria&#8230; También tenemos muchos vínculos con el centro de barrio y con el polideportivo -que comparten un modelo de gestión cívica-. Y, claro, participamos en las fiestas del barrio.</p>

<p><strong>Cambiar el modelo</strong></p>

<p>Hacen falta políticas públicas que apoyen el modelo de consumo responsable y a los pequeños campesinos y ganaderos. Hay otra manera de consumir y hay manera de organizarnos para hacerlo posible. Debemos informar a la gente las consecuencias del consumo que hace, provocar la reflexión y empoderarnos para cambiar el modelo actual entre todas.</p>

<div class="wp-block-group alignfull mg-pattern-espais-coordinacio is-layout-flow wp-block-group-is-layout-flow">
<div style="height:3rem" aria-hidden="true" class="wp-block-spacer"></div>



<div class="wp-block-columns wrap is-layout-flex wp-container-core-columns-is-layout-28f84493 wp-block-columns-is-layout-flex">
<div class="wp-block-column is-layout-flow wp-block-column-is-layout-flow">
<hr class="wp-block-separator has-alpha-channel-opacity"/>



<h2 class="wp-block-heading">Materiales y guias</h2>
</div>



<div class="wp-block-column is-layout-flow wp-block-column-is-layout-flow">
<div style="height:1.5rem" aria-hidden="true" class="wp-block-spacer"></div>



<ul class="main-list wp-block-list">
<li><a href="https://drive.google.com/file/d/0B7AH2qDEwEFVNnJnZ2o0VHNXX1k/edit" target="_blank" rel="noreferrer noopener">Userda</a></li>
</ul>
</div>
</div>



<div style="height:3rem" aria-hidden="true" class="wp-block-spacer"></div>
</div>

<p>En Userda 9 queremos ser responsables en nuestro consumo y compramos lo que necesitamos con criterios de responsabilidad ecológica y social. Userda 9 somos un grupo de personas y familias interesadas en cambiar su manera de consumir que nos hemos juntado para adquirir productos biológicos y ecológicos directamente de los productores. Los integrantes de la [&hellip;]</p>
